2 + 6*o + 9. What is the remainder when g(-3) is divided by 3?
0
Let t(c) = -c**3 + 7*c**2 - 5*c - 6. Let v be ((-10)/(-6))/((-2)/(-6)). What is the remainder when t(v) is divided by 7?
5
Let m = 17 - 15. Suppose -m*o - 17 = -3*o. What is the remainder when o is divided by 10?
7
Suppose 3*c - 6*c = -30. Calculate the remainder when c is divided by 7.
3
Suppose 5*s = 10, 3*s - 68 = -a - 15. Suppose -n + 9 = 2*y - 4, -3*y + a = -4*n. Calculate the remainder when 33 is divided by y.
6
Suppose 6*j + 80 = 11*j. Let a be (-3 - -2)/(2/22). Let l = a + j. Calculate the remainder when 9 is divided by l.
4
Let t(b) = -2*b**2 - 2*b**3 + 0*b**2 - 9*b**2 + 3*b**3 + 5. Let o be t(11). Suppose -184 = -o*w - 49. What is the remainder when w is divided by 14?
13
Suppose v - 3*v - 22 = -l, -4*v = 12. Suppose -5*w = 109 + 41. Let o = 61 + w. Calculate the remainder when o is divided by l.
15
Let s = 7 + 2. What is the remainder when s is divided by 3?
0
Calculate the remainder when 62 is divided by -7*(1 + -4) + 0.
20
Let s(p) = 5*p + 5. Let i be s(5). Let d = 49 - i. Suppose -5*o + 33 = -17. What is the remainder when d is divided by o?
9
Suppose 0 = -5*y + 3*p + 93, 3*y + 0*y - 2*p - 56 = 0. What is the remainder when 52 is divided by y?
16
Suppose 2*g = 0, 0 = -v - 2*g - 2*g - 37. Let d = v + 83. Calculate the remainder when d is divided by 24.
22
Suppose -t - 2*t + 2*u = -39, -4*u = t - 13. Calculate the remainder when t is divided by 5.
3
Let h(z) = -z**3 - 4*z**2 + 5*z + 5. Calculate the remainder when h(-5) is divided by 4.
1
Let x(h) = h**2 + 8*h - 26. Suppose -a = -5*d + 12, -2*a = a + 4*d - 21. What is the remainder when x(-11) is divided by a?
1
Suppose -2*g - g = s - 20, 5*s + 3*g - 64 = 0. Suppose 5*n - 5 = 5. Suppose -155 = -3*f - n*f. Calculate the remainder when f is divided by s.
9
Suppose -151 = -3*i + 5*y, -4*i = 4*y + y - 213. What is the remainder when 102 is divided by i?
50
Let m = 1 - -5. What is the remainder when 35 is divided by m?
5
Suppose -5*k + 6*k = 23. Let p(z) = -z - 4. Let n be p(-4). Let m = 12 - n. Calculate the remainder when k is divided by m.
11
Suppose -2*j = -3*q, -3*q + 8 + 4 = 2*j. Calculate the remainder when 6 is divided by j.
0
Let q = -51 + 80. What is the remainder when 55 is divided by q?
26
Suppose -3*u + 4 = -5. Suppose 9 + 21 = -5*a. Let m = 11 + a. What is the remainder when m is divided by u?
2
Suppose 3*z - 24 = 27. Calculate the remainder when 45 is divided by z.
11
Suppose -5*k + 36 = 2*t, 5*t + 0*k + 3*k = 90. Suppose -g - 3*u + t = 0, 2*g - 18 = -g + 3*u. What is the remainder when 35 is divided by g?
8
Let y(m) = 4*m + 6. Let f be y(-6). Let c be (-40)/(-6)*f/(-15). Suppose a - 1 = c. Calculate the remainder when 26 is divided by a.
8
Let l(f) = -f + 37. Calculate the remainder when 97 is divided by l(12).
22
Let d(z) = z**2 + 7*z + 8. Let k be d(-6). Suppose -3*h + k*h = -3. Calculate the remainder when (-12)/(-10)*40/6 is divided by h.
2
Suppose -5 = 5*t - 3*p - 113, 0 = t - p - 20. Let i = -17 + t. Let j = i - 5. Calculate the remainder when 2 is divided by j.
0
Suppose 0 = -4*g - 5*z + 12, g - 2*z + z + 6 = 0. Calculate the remainder when 5*123/(-30)*g is divided by 14.
13
Let r = 8 + -4. Suppose 4 = -f - q, 3*f + 6*q - r*q = -8. Suppose 0 = -f*n + 2*n - 32. Calculate the remainder when 47 is divided by n.
15
Suppose -4*m + 4 + 4 = 0. Calculate the remainder when m is divided by 1.
0
Suppose 4*n - 37 = 3*n - 5*x, 16 = 3*n - 4*x. Calculate the remainder when 47 is divided by n.
11
Suppose 0 = -k - 3*q + 2, 7*k - 2*k = 5*q + 30. Let i be 24/(-10)*20/(-6). Let m = i + k. What is the remainder when 36 is divided by m?
10
Let k(j) = -j + 3. Let t be k(-4). Suppose g = -t + 45. Calculate the remainder when g is divided by 13*(1/1 + 0).
12
Suppose -m + 2 = -4. Suppose -5 = w + 4*s, 0 = 2*w + 2*s - 2. Suppose 2*f - 80 = -w*f. Calculate the remainder when f is divided by m.
4
Let u(m) be the third derivative of 0 + 0*m - 1/12*m**4 + 1/3*m**3 + 1/40*m**6 + m**2 - 1/60*m**5. What is the remainder when u(2) is divided by 10?
8
Let m(k) = 3*k**3 - k. What is the remainder when m(3) is divided by 16?
14
Suppose -85 = -3*d - 25. Suppose 6*q = q + d. Calculate the remainder when (14/(-4))/(2/(-4)) is divided by q.
3
Let i = 10 + 4. Let t(u) = u**3 - 5*u**2 + u - 1. Let g be t(5). Suppose -2*d + 1 = b, b - 2*b - g*d = 3. What is the remainder when i is divided by b?
4
Calculate the remainder when 33 is divided by 2*-51*4/(-24).
16
Let p(s) = -s - 7. Calculate the remainder when p(-13) is divided by 3.
0
Suppose -2 + 21 = 4*p + 3*u, 5*p + 4*u - 25 = 0. Calculate the remainder when 1 is divided by 0 - ((-3)/3)/p.
0
Let r = 1 - 7. Suppose b = -b - p + 8, -16 = -4*b + p. What is the remainder when b is divided by ((-4)/r)/(18/81)?
1
Let t be ((-4)/(-2))/(4/110). Let k = -32 + t. Suppose -q + 14 = -2*f, 0 = -2*f + 7*f + 5. Calculate the remainder when k is divided by q.
11
Calculate the remainder when 3/(-12) - 338/(-8) is divided by 2/4*55/10*4.
9
Let k(w) = -w - 6. Let s be k(-8). Suppose 96 = -s*m + 5*m. Suppose 4*x + 118 = 5*v, -v + x = 3*x - m. Calculate the remainder when v is divided by 9.
8
Let o(p) = p**3 - 5*p**2 - p + 5. Let d be o(5). Let k = -6 + 7. Suppose 2*z = 2*x + 9 + k, -5*x - 20 = d. Calculate the remainder when z is divided by 1.
0
Calculate the remainder when 38 is divided by ((-33)/12 + 3)*52.
12
Suppose -5 = -3*a + 1. Suppose k + 21 = a*k. Calculate the remainder when k is divided by 11.
10
Let p(i) = 6*i**2 - 15*i + 3. Calculate the remainder when (-3 - -9)/((-4)/(-22)) is divided by p(3).
9
Let p(z) = 3*z. Suppose -4*f - 5*h + 8 + 13 = 0, f - 5 = -h. Let m be p(f). Suppose 4*i - i - m = 0. Calculate the remainder when 10 is divided by i.
2
Suppose x + 12 = -2*y, 19 = -4*x + 5*y - 16. Let q(k) = -k**3 - 11*k**2 - 10*k + 4. Calculate the remainder when 14 is divided by q(x).
2
Let g = -6 - -9. Let s = g + 9. Calculate the remainder when 34 is divided by s.
10
Suppose 0*k = -5*k + 70. Calculate the remainder when 37 + 0 - (-5 - -2) is divided by k.
12
Let d = -7 - -4. Let i = 16 + d. What is the remainder when 2 + (-6)/3 + 24 is divided by i?
11
Suppose 0 = -5*w + 4*k + 372, 2*k + 0*k = -3*w + 232. Suppose 85 = 2*u + 5*h, -4*h = 4*u - w - 76. Calculate the remainder when u is divided by 12.
11
Let n(s) = -s**2 - 7*s - 1. Calculate the remainder when n(-6) is divided by 1.
0
Let a = 34 - 20. Calculate the remainder when a is divided by 6.
2
Let a(i) = i**3 + 12*i**2 - 2*i - 2. What is the remainder when 106 is divided by a(-12)?
18
Let z be 26 + -1 - (3 - 2). Let x = -13 + z. Calculate the remainder when 41 is divided by x.
8
Suppose 0 = 3*p - p - 58. Suppose 3*q - 126 + 3 = 0. Let a = q - p. Calculate the remainder when 35 is divided by a.
11
Let a(l) = 3*l**2 + 4*l - 1. What is the remainder when a(4) is divided by (-249)/(-15) + 6/(-10)?
15
Suppose 0*w = -2*w - 6, 0 = -4*u + 5*w + 79. Let x(m) = -11*m + 249. Calculate the remainder when x(20) is divided by u.
13
Suppose -272 = -13*s + 9*s. Calculate the remainder when s is divided by 9.
5
Let v(d) = -3*d + 8. Let n be v(-13). Suppose -n = -5*z + 8. Calculate the remainder when z is divided by 7.
4
Suppose -5*k - 9 = 1, 4*h - 4*k = -140. Let c = -2 - h. What is the remainder when c is divided by 12?
11
Suppose -o + 0*m = -4*m + 2, 0 = 3*o + 2*m - 8. Suppose o*v = 6*v - 40. Calculate the remainder when 19 is divided by v.
9
Suppose -5*p = -i - 13, 4*p + i = -0*i + 5. Calculate the remainder when 8 is divided by p.
0
Let z = 70 + -66. Calculate the remainder when 13 is divided by z.
1
Let z(n) = 16*n**2 - n - 1. Suppose 4*x - 22 = 102. Calculate the remainder when x is divided by z(-1).
15
Suppose 0 - 20 = t + 5*h, 4*t - 5*h = -5. What is the remainder when (-5)/((-50)/(-44))*t is divided by 6?
4
Let q(y) = 2*y**2 - 12*y - 10. Calculate the remainder when q(-4) is divided by 36.
34
Suppose 2*z = -10, 0 = 2*o + 3*z - 0*z - 81. What is the remainder when o is divided by 13?
9
Suppose -3*q + q = 4. Let c(s) = -5*s + 1. Let o = -13 - -34. Calculate the remainder when o is divided by c(q).
10
Suppose -2*l + 4*s + 70 = 0, -l - 3*l + 4*s + 128 = 0. Calculate the remainder when l is divided by 8.
5
Let a(s) be the first derivative of -21*s**4/2 - 2*s*